- 84 = -984. Suppose -r = -w + 15249, 23*r = -w + d*r + 15273. Is w composite?
True
Suppose 0 = -4*b + 3*b, -b + 3*b = 4*n. Suppose -4*y + n*k + 19736 = -3*k, 0 = 4*y - 4*k - 19736. Is y prime?
False
Let y(t) = 13582*t + 601. Is y(3) a prime number?
False
Suppose -2*y - 5*m + 312589 = 0, 0 = 5*y + 3*m + 555305 - 1336825. Is y prime?
True
Let j = -29 + 104. Let c = j - 74. Is c/(27/11322) - (-1)/(-3) prime?
True
Let g(a) = a**2 - 16*a + 41. Let r be g(13). Suppose -3*z + 12283 = r*i - 2296, -2 = i. Is z composite?
False
Let z(u) = 42*u**2 + 6*u + 1. Let x be (-10 - -7 - -2)/(1/4). Is z(x) prime?
False
Let d = 444965 + -308034. Is d a prime number?
False
Let w(n) = -4*n + 3. Suppose 4*z + 13 = -5*g - 7, 4*z + 20 = 0. Let s be w(g). Suppose -2*a = -p - 115, a = -3*a - s*p + 205. Is a a prime number?
False
Let k(o) = 5*o**2 - o - 29. Suppose -5*p + 34 = 3*w, -5*p + 5*w + 46 = 2*w. Suppose 5*q + 24 = 4*z, 3*z - p*z - q = -30. Is k(z) a prime number?
False
Let y(q) = 168*q**2 - q + 41. Let g(v) = 5*v - 24. Let w be g(6). Let k be y(w). Let n = k + -3936. Is n a composite number?
True
Let g = 273995 + 372372. Is g composite?
True
Let u = 114 + -78. Let d be (-2)/6*(-5 + 2) + 169. Let w = d - u. Is w composite?
True
Let r(t) = t**3 + 20*t**2 - 15*t - 11. Let z = 29 + -50. Let d be r(z). Let p = d - -468. Is p a composite number?
False
Let x be ((-20)/(-12))/1 + 8/6. Suppose -k + 5628 = x*k + 5*w, k - 1406 = -w. Is k prime?
False
Let o(r) = -56293*r + 6764. Is o(-45) a prime number?
False
Let d(i) = 397*i - 7. Let g be d(4). Let n = g - -1272. Suppose 3*w + 6 = 0, n - 161 = 2*l - 3*w. Is l a prime number?
False
Let y be (-1 - 1)/(38/95). Is ((-2628)/(-48))/(y/((-300)/9)) a composite number?
True
Let f(x) = -x**2 - 17*x - 53. Let y be f(-11). Suppose 3*b + 310 = 5*l, -2*l - y + 123 = -4*b. Is l a composite number?
True
Let h = 275568 + -9529. Is h prime?
False
Suppose 3*y - 2*y - 52607 = -4*f, 39451 = 3*f + 5*y. Let c = f + -8185. Is c composite?
False
Let a(g) = -g - 1. Let n be a(-3). Is (-2)/(n + (-3780)/(-1895) - 4) prime?
True
Let b(j) be the second derivative of 417*j**4/2 + j**3/3 + 3*j**2/2 + j + 36. Let r = 3 - 4. Is b(r) composite?
False
Let t = -17 - -20. Is (1 + -4 + 428/t)*9 composite?
True
Let w be ((-581)/14)/(2/(-44)). Suppose -s = 4*j - 3626, -4*j - 3*s = -5*j + w. Is j a prime number?
True
Let i be (2 - -18)*1/(-2). Let y be -4 - (4 - (2 - i)). Suppose y*g = -4*v + 16696, -5*v - g + 11487 = -9395. Is v prime?
True
Suppose -50599 = 3*q - 2*x, 4*q - 2*x = -54477 - 12987. Let c = q - -54172. Is c a composite number?
False
Let h = -184 - -329. Suppose 114 = 3*u - 2*v, -4*v = -4*u + v + h. Is 16/u - (-1968)/5 a prime number?
False
Let b be 10/15*-6 + -1. Let o(v) = 43*v**2 - 17*v + 9. Is o(b) composite?
True
Let h be 16/(-8 + 4) - (0 - 3). Is 101673/13 - (2 + -1 - h) a prime number?
False
Let v(g) be the first derivative of 11*g**4/4 - g**3/3 - 2*g**2 + 7*g + 24. Is v(4) prime?
False
Suppose -4*n = -4*f + 20, -3*n + 5*f + 5 = -8*n. Is n - (-22740)/(-5 - -11) a prime number?
False
Let a = -187 + -310. Let n = 676 - a. Suppose 5*g - 4*g + 2*p - n = 0, 4*g + 3*p - 4667 = 0. Is g a composite number?
False
Let u = 965 - 2250. Is u*(2 + 4 + -7) a prime number?
False
Let b(v) = 69*v**2 - 311*v + 63. Is b(-31) a composite number?
True
Suppose 4*t = i - 6711, -18121 = -2*i + 3*t - 4689. Is i a composite number?
False
Let u = 354 + -364. Is (-118)/295 + (-26574)/u a prime number?
True
Is 220368 - (28/(-35) - (-5)/(-25)) a composite number?
False
Suppose w = 4*i - 646, 4*w - 25 = -1. Is i a prime number?
True
Suppose -2*h = -7*h + 25. Suppose 0 = -3*r - h - 13. Is 137 - 2 - 4*(-3)/r composite?
True
Let j(h) = 3*h**3 + 26*h**2 + 15*h + 23. Let w be j(-23). Let f = w - -35036. Is f a composite number?
True
Let y = -2 - -8. Suppose 0 = -2*k + w + 765, 5*k - w + 3*w - 1899 = 0. Suppose -3*v = -y*v + k. Is v a composite number?
False
Let n(y) = -9 + 26 - 7*y - y**3 + 3*y**2 - y**2. Let p = -5635 + 5627. Is n(p) a prime number?
False
Suppose -112 = -r + 2*t, -3*t + 223 + 131 = 3*r. Let k = r - 113. Suppose -4*y + 15738 = -2*o, 0 = -y - k*o + 5*o + 3933. Is y composite?
True
Let p(k) = 7*k**3 - 59*k**2 + 186*k - 37. Is p(39) a prime number?
True
Let v = 3485362 - 907973. Is v prime?
True
Suppose -3*v + 3512 + 9481 = 0. Let k = 7920 - v. Is k composite?
True
Let n(s) = -17718*s**2 + 12*s - 6. Let a(z) = 8859*z**2 - 7*z + 3. Let i(q) = -5*a(q) - 3*n(q). Is i(1) a composite number?
False
Let f(h) be the third derivative of -h**5/60 - h**4/3 - 8*h**3/3 + 3*h**2. Let m be f(-4). Suppose m = 3*g - 6584 + 1025. Is g composite?
True
Suppose 0 = 5*d + 12 - 22. Suppose -d*x + 92 = -2082. Is x prime?
True
Let d(t) = 23*t**3 - 7*t**2 - 62*t + 469. Is d(9) a prime number?
True
Suppose 4*l + 222602 = 5*h - 354077, -4*l = 5*h - 576711. Is h a prime number?
False
Let c = 80684 - -8655. Is c composite?
True
Let s = 175 + -176. Is ((-6862)/(-4) + 12)*(1 - s) composite?
True
Let i(p) = p**3 + 12*p**2 + 14*p + 53. Let l be i(-11). Is (-52)/(-10)*l/(-32)*-4196 a prime number?
False
Suppose 0 = 2*n - 8, 5*n - 23923 = -3*q + 143950. Is q a composite number?
True
Let i(q) = q**2 + 8*q + 4. Suppose -c + 0*w = 5*w + 33, 20 = -5*c + 4*w. Let s be i(c). Is -4 - (-6 + s - 1103) a composite number?
True
Let k(u) = 195*u**3 - 3*u**2 - 44*u + 115. Is k(6) prime?
True
Suppose -14*i + 55 = -3*i. Suppose 0 = -2*w - 3*o + 49691, 0 = -i*w + 2*o - o + 124202. Is w a composite number?
False
Let o = 23538 + -21799. Is o a prime number?
False
Let t = -7 - -13. Let v = 3477 + 83. Suppose -t*b + v = -2230. Is b a prime number?
False
Is (739340/16 + 7)*(-36)/(-27) a composite number?
True
Suppose 5 = 12*s - 11*s. Let g(d) = 2*d**2 - 9*d + 8. Let u be g(s). Suppose -15*m + 898 = -u*m. Is m a prime number?
True
Suppose -2*x + 527686 = -131328. Is x a composite number?
True
Let k be 64/16 - 2/(-2). Suppose k*d = -4*j + 17522, -2*d + 7014 = 3*j - 4*j. Let q = d + -1963. Is q prime?
True
Suppose -3*b + 62587 = -5*d, -63*d = -2*b - 65*d + 41698. Is b prime?
False
Let z(n) = 184*n + 127. Let m be z(-25). Let h = m - -15190. Is h prime?
False
Suppose 154623314 = 403*z + 43*z - 44154872. Is z prime?
True
Suppose 2982453 = 5*l + 29*n - 27*n, 5*l - 2982451 = -4*n. Is l prime?
False
Let n(i) = -130*i + 3. Let u(h) = h + 10. Let c be u(-5). Let v(q) = -q - 3. Let d be v(c). Is n(d) composite?
True
Suppose 0 = 3*k + 5 + 7. Let m be (10/k)/((-10)/20). Suppose -3*a - u + 3326 = 0, 0*u = 3*a + m*u - 3322. Is a a prime number?
True
Suppose 9729 - 38489 = -4*g. Is ((-7)/5)/((-2)/g) composite?
True
Let l(m) be the third derivative of 731*m**4/24 - 9*m**3/2 + 16*m**2. Suppose 0 = 4*s + 4*t - 32, 2*s - 5*t + 16 = s. Is l(s) a composite number?
False
Let a be -8*1/(-5) + (-72)/(-180). Suppose 6*g - a*v = g + 18764, -2*g - v = -7511. Is g a prime number?
False
Let o(n) = -n**3 - 4*n**2 + 4. Let m be o(-4). Suppose -6*g + 2*g = -m*i + 5012, -3*i - 5*g + 3743 = 0. Suppose 506 = 7*z - i. Is z prime?
True
Suppose 5*l + 45765 = 5*i, -89*l = 4*i - 87*l - 36600. Is i a prime number?
True
Let z = -62276 + 122485. Is z prime?
True
Suppose -5*a - 5*z = -813040, 3*a + 30*z - 487838 = 25*z. Is a a composite number?
False
Suppose 0 = -2*o + 4*m + 20164, -m + 9776 - 40022 = -3*o. Is o + -2*3/6 prime?
False
Let y(c) be the first derivative of -c**3 + 117*c**2/2 + 11*c + 18. Is y(36) composite?
True
Let h = -15097 - -17901. Let m be (0 + -111)*(0 + 7). Let p = h + m. Is p a composite number?
False
Suppose 0 = -0*i + 2*i - 6. Suppose 3*p + 5*m - 433 = 289, -5*p = -i*m - 1192. Is p a composite number?
False
Let g be (1*2)/(43/(-11) + 4). Let v = 28 - g. Suppose 0 = -v*h + 4*h + 506. Is h a prime number?
False
Suppose -73*l + 77*l - 2400 = 0. Suppose -6060 = 5*v - l. Let k = v + 1705. Is k a composite number?
False
Let t = -27242 - -35493. Is t a prime number?
False
Suppose 0 = -0*u + u + 66. Let k = -69 - u. Let f(d) = -9*d + 16. Is f(k) a composite number?
False
Suppose -11*x - 18*x = 5305 - 316736. Is x a prime number?
True
Let o = 24867 + 12752. Is o a prime number?
True
Let c be (-4)/20 + (-12)/(-45)*12. Let b be ((-10314)/c)/(12/(-18)). Let v = -1924 + b. Is v prime?
False
Suppose -40886 - 27550 = 9*r. Let x = r + 11731. Is x compos